{"id":503011,"date":"2024-01-15T16:51:33","date_gmt":"2024-01-15T15:51:33","guid":{"rendered":"https:\/\/www.aflahaye.nl\/?page_id=503011"},"modified":"2024-06-04T16:23:55","modified_gmt":"2024-06-04T14:23:55","slug":"ik-spreek-ook-frans-isof","status":"publish","type":"page","link":"https:\/\/www.aflahaye.nl\/en\/children\/children-and-teenagers-workshops\/ik-spreek-ook-frans-isof\/","title":{"rendered":"Ik Spreek Ook Frans (ISOF)"},"content":{"rendered":"<div class=\"wpb-content-wrapper\"><p>[vc_row][vc_column][vc_column_text]<\/p>\n<h2 class=\"wp-block-heading\">IK SPREEK OOK FRANS<br \/>\nJE PARLE AUSSI FRAN\u00e7AIS !<\/h2>\n<div class=\"page\" title=\"Page 1\">\n<div class=\"section\">\n<div class=\"layoutArea\">\n<div class=\"column\">\n<h6><img class=\"alignleft wp-image-503164 \" src=\"https:\/\/www.aflahaye.nl\/wp-content\/uploads\/2024\/01\/WhatsApp-Image-2024-01-26-at-11.23.15-4-225x300.jpeg\" alt=\"\" width=\"364\" height=\"485\" srcset=\"https:\/\/www.aflahaye.nl\/wp-content\/uploads\/2024\/01\/WhatsApp-Image-2024-01-26-at-11.23.15-4-225x300.jpeg 225w, https:\/\/www.aflahaye.nl\/wp-content\/uploads\/2024\/01\/WhatsApp-Image-2024-01-26-at-11.23.15-4-600x800.jpeg 600w, https:\/\/www.aflahaye.nl\/wp-content\/uploads\/2024\/01\/WhatsApp-Image-2024-01-26-at-11.23.15-4.jpeg 768w\" sizes=\"(max-width: 364px) 100vw, 364px\" \/><\/h6>\n<p><b>Je parle aussi fran\u00e7ais ! Ik spreek ook Frans !<\/b> est un programme en fran\u00e7ais proposant des ateliers destin\u00e9s \u00e0 des enfants de 9 \u00e0 12 ans issus de familles ayant, possiblement via leur h\u00e9ritage, un lien plus ou moins \u00e9tabli avec la langue fran\u00e7aise, comme les familles n\u00e9erlandaises issues de l\u2019immigration maghr\u00e9bine par exemple. L\u2019 objectif est ainsi de d\u00e9velopper leur connaissance du fran\u00e7ais par la valorisation de leur\u00a0 propre culture et de leur patrimoine culturel et linguistique.<\/p>\n<p>Il s\u2019adresse \u00e0 des enfants qui ne sont pas n\u00e9cessairement francophones !<\/p>\n<p>Le programme a \u00e9t\u00e9 con\u00e7u par l\u2019Institut fran\u00e7ais NL et l\u2019Alliance Fran\u00e7aise de Rotterdam.<\/p>\n<p>&nbsp;<\/p>\n<\/div>\n<\/div>\n<\/div>\n<\/div>\n<div class=\"page\" title=\"Page 1\">\n<div class=\"section\">\n<div class=\"layoutArea\">\n<div class=\"column\">\n<h6>Nos objectifs :<\/h6>\n<\/div>\n<\/div>\n<p>&#8211; Valoriser et enrichir le patrimoine plurilingue de ces enfants et leurs talents linguistiques.<\/p>\n<p>&#8211; Promouvoir la diversit\u00e9 culturelle de ces enfants<\/p>\n<p>&#8211; Enseigner la langue fran\u00e7aise dans un contexte plurilingue et multiculturelle au travers d&#8217;une p\u00e9dagogie s&#8217;appuyant sur la cr\u00e9ativit\u00e9 des enfants, leurs cultures et leurs langues parl\u00e9es (n\u00e9erlandais, arabe, berb\u00e8re, etc.)<\/p>\n<p>&#8211; Cr\u00e9er une communaut\u00e9 multiculturelle dans laquelle les enfants apprennent en s\u2019amusant et en s&#8217;\u00e9panouissant !<\/p>\n<div class=\"layoutArea\">\n<div class=\"column\">\n<h6><span style=\"font-size: revert;\"><img class=\"alignright wp-image-503167 \" src=\"https:\/\/www.aflahaye.nl\/wp-content\/uploads\/2024\/01\/WhatsApp-Image-2024-01-26-at-11.23.15-2-300x225.jpeg\" alt=\"\" width=\"479\" height=\"359\" srcset=\"https:\/\/www.aflahaye.nl\/wp-content\/uploads\/2024\/01\/WhatsApp-Image-2024-01-26-at-11.23.15-2-300x225.jpeg 300w, https:\/\/www.aflahaye.nl\/wp-content\/uploads\/2024\/01\/WhatsApp-Image-2024-01-26-at-11.23.15-2-600x450.jpeg 600w, https:\/\/www.aflahaye.nl\/wp-content\/uploads\/2024\/01\/WhatsApp-Image-2024-01-26-at-11.23.15-2-768x576.jpeg 768w, https:\/\/www.aflahaye.nl\/wp-content\/uploads\/2024\/01\/WhatsApp-Image-2024-01-26-at-11.23.15-2.jpeg 1024w\" sizes=\"(max-width: 479px) 100vw, 479px\" \/><\/span><\/h6>\n<h6><span style=\"font-size: revert;\">En quoi consiste le projet ?<\/span><\/h6>\n<p>Le programme <b>Je parle aussi fran\u00e7ais ! \/ Ik spreek ook frans !<\/b> permettent ainsi aux enfants d\u2019apprendre le fran\u00e7ais aux travers d&#8217;ateliers proposant la r\u00e9alisation de projet concrets, en utilisant le fran\u00e7ais et leurs autres langues afin de mener \u00e0 bien des activit\u00e9s ludique de cr\u00e9ations artistiques et culturelles, dans un contexte multiculturel.<\/p>\n<\/div>\n<\/div>\n<\/div>\n<h6><\/h6>\n<\/div>\n<p><span style=\"font-weight: bold; letter-spacing: 0.05em; text-transform: uppercase;\">Lieu, dur\u00e9e, prix ?<\/span><\/p>\n<div class=\"page\" title=\"Page 1\">\n<div class=\"section\">\n<div class=\"layoutArea\">\n<div class=\"column\">\n<p>Le programme est compos\u00e9 de s\u00e9quences th\u00e9matiques qui dure environ 7 semaines, de f\u00e9vrier \u00e0 mai : chaque s\u00e9quence \u00e9tant compos\u00e9e de 7 s\u00e9ances (ateliers) environ.<\/p>\n<p>\u00c0 la fin des s\u00e9quences, les familles et les amis sont invit\u00e9s \u00e0 assister \u00e0 une pr\u00e9sentation du travail r\u00e9alis\u00e9 par les enfants.<\/p>\n<p align=\"left\">Inscription obligatoire.<\/p>\n<p align=\"left\">L\u2019atelier est gratuit pour toutes et tous !<\/p>\n<p align=\"left\">Les ateliers auront lieu <b>le mercredi apr\u00e8s-midi de 13h15 \u00e0 14h45\u00a0<\/b> au centre communautaire :<\/p>\n<p align=\"center\"><b>Wijkzcentrum<\/b><br \/>\n<b>Eekhoornrade 215 2544 VS &#8216;s-Gravenhage.<\/b><\/p>\n<div class=\"page\" title=\"Page 2\">\n<div class=\"section\">\n<div class=\"layoutArea\">\n<div class=\"column\">\n<p>&nbsp;<\/p>\n<p>Inscrivez-vous d\u00e8s maintenant et laissez la cr\u00e9ativit\u00e9 multilingue illuminer le chemin de vos enfants vers un avenir riche en diversit\u00e9 et en \u00e9panouissement !<\/p>\n<p>Merci de votre soutien.<\/p>\n<\/div>\n<\/div>\n<\/div>\n<\/div>\n<\/div>\n<\/div>\n<\/div>\n<\/div>\n<p><span aria-hidden=\"true\"><div class='kiosque-aec'><div\n data-module='classes'\n data-action='courses-catalog'\n data-param-etablishment-branch-id=''\n data-param-period-id=''\n data-param-classification-id=''\n data-param-subject-id=''\n data-param-class-type-id='49'\n data-param-level-id=''\n data-param-learning-pace=''\n data-param-sidebar=''\n data-param-class-format-id=''\n data-param-localization=''\n data-param-show-filter-choices=''\n data-param-lang='en_US'><\/div><\/div><\/span><\/p>\n<p>&nbsp;<\/p>\n<p class=\"title-xlarge\"><img class=\"aligncenter wp-image-503160 \" src=\"https:\/\/www.aflahaye.nl\/wp-content\/uploads\/2024\/01\/WhatsApp-Image-2024-01-26-at-11.23.15-1-300x225.jpeg\" alt=\"\" width=\"500\" height=\"375\" srcset=\"https:\/\/www.aflahaye.nl\/wp-content\/uploads\/2024\/01\/WhatsApp-Image-2024-01-26-at-11.23.15-1-300x225.jpeg 300w, https:\/\/www.aflahaye.nl\/wp-content\/uploads\/2024\/01\/WhatsApp-Image-2024-01-26-at-11.23.15-1-600x450.jpeg 600w, https:\/\/www.aflahaye.nl\/wp-content\/uploads\/2024\/01\/WhatsApp-Image-2024-01-26-at-11.23.15-1-768x576.jpeg 768w, https:\/\/www.aflahaye.nl\/wp-content\/uploads\/2024\/01\/WhatsApp-Image-2024-01-26-at-11.23.15-1.jpeg 1024w\" sizes=\"(max-width: 500px) 100vw, 500px\" \/><\/p>\n<p>[\/vc_column_text][\/vc_column][\/vc_row]<\/p>\n<\/div>","protected":false},"excerpt":{"rendered":"<p>[vc_row][vc_column][vc_column_text] IK SPREEK OOK FRANS JE PARLE AUSSI FRAN\u00e7AIS ! Je parle aussi fran\u00e7ais ! Ik spreek ook Frans !&#8230;<\/p>\n","protected":false},"author":1,"featured_media":503162,"parent":502076,"menu_order":0,"comment_status":"closed","ping_status":"closed","template":"","meta":{"footnotes":""},"class_list":["post-503011","page","type-page","status-publish","has-post-thumbnail"],"jetpack_sharing_enabled":true,"_links":{"self":[{"href":"https:\/\/www.aflahaye.nl\/en\/wp-json\/wp\/v2\/pages\/503011","targetHints":{"allow":["GET"]}}],"collection":[{"href":"https:\/\/www.aflahaye.nl\/en\/wp-json\/wp\/v2\/pages"}],"about":[{"href":"https:\/\/www.aflahaye.nl\/en\/wp-json\/wp\/v2\/types\/page"}],"author":[{"embeddable":true,"href":"https:\/\/www.aflahaye.nl\/en\/wp-json\/wp\/v2\/users\/1"}],"replies":[{"embeddable":true,"href":"https:\/\/www.aflahaye.nl\/en\/wp-json\/wp\/v2\/comments?post=503011"}],"version-history":[{"count":8,"href":"https:\/\/www.aflahaye.nl\/en\/wp-json\/wp\/v2\/pages\/503011\/revisions"}],"predecessor-version":[{"id":504316,"href":"https:\/\/www.aflahaye.nl\/en\/wp-json\/wp\/v2\/pages\/503011\/revisions\/504316"}],"up":[{"embeddable":true,"href":"https:\/\/www.aflahaye.nl\/en\/wp-json\/wp\/v2\/pages\/502076"}],"wp:featuredmedia":[{"embeddable":true,"href":"https:\/\/www.aflahaye.nl\/en\/wp-json\/wp\/v2\/media\/503162"}],"wp:attachment":[{"href":"https:\/\/www.aflahaye.nl\/en\/wp-json\/wp\/v2\/media?parent=503011"}],"curies":[{"name":"wp","href":"https:\/\/api.w.org\/{rel}","templated":true}]}}

<div class="wpb-content-wrapper"><p>[vc_row][vc_column][vc_column_text]</p>
<h2 class="wp-block-heading">IK SPREEK OOK FRANS<br />
JE PARLE AUSSI FRANçAIS !</h2>
<div class="page" title="Page 1">
<div class="section">
<div class="layoutArea">
<div class="column">
<h6><img class="alignleft wp-image-503164 " src="https://www.aflahaye.nl/wp-content/uploads/2024/01/WhatsApp-Image-2024-01-26-at-11.23.15-4-225x300.jpeg" alt="" width="364" height="485" srcset="https://www.aflahaye.nl/wp-content/uploads/2024/01/WhatsApp-Image-2024-01-26-at-11.23.15-4-225x300.jpeg 225w, https://www.aflahaye.nl/wp-content/uploads/2024/01/WhatsApp-Image-2024-01-26-at-11.23.15-4-600x800.jpeg 600w, https://www.aflahaye.nl/wp-content/uploads/2024/01/WhatsApp-Image-2024-01-26-at-11.23.15-4.jpeg 768w" sizes="(max-width: 364px) 100vw, 364px" /></h6>
<p><b>Je parle aussi français ! Ik spreek ook Frans !</b> est un programme en français proposant des ateliers destinés à des enfants de 9 à 12 ans issus de familles ayant, possiblement via leur héritage, un lien plus ou moins établi avec la langue française, comme les familles néerlandaises issues de l’immigration maghrébine par exemple. L’ objectif est ainsi de développer leur connaissance du français par la valorisation de leur  propre culture et de leur patrimoine culturel et linguistique.</p>
<p>Il s’adresse à des enfants qui ne sont pas nécessairement francophones !</p>
<p>Le programme a été conçu par l’Institut français NL et l’Alliance Française de Rotterdam.</p>
<p>&nbsp;</p>
</div>
</div>
</div>
</div>
<div class="page" title="Page 1">
<div class="section">
<div class="layoutArea">
<div class="column">
<h6>Nos objectifs :</h6>
</div>
</div>
<p>&#8211; Valoriser et enrichir le patrimoine plurilingue de ces enfants et leurs talents linguistiques.</p>
<p>&#8211; Promouvoir la diversité culturelle de ces enfants</p>
<p>&#8211; Enseigner la langue française dans un contexte plurilingue et multiculturelle au travers d&#8217;une pédagogie s&#8217;appuyant sur la créativité des enfants, leurs cultures et leurs langues parlées (néerlandais, arabe, berbère, etc.)</p>
<p>&#8211; Créer une communauté multiculturelle dans laquelle les enfants apprennent en s’amusant et en s&#8217;épanouissant !</p>
<div class="layoutArea">
<div class="column">
<h6><span style="font-size: revert;"><img class="alignright wp-image-503167 " src="https://www.aflahaye.nl/wp-content/uploads/2024/01/WhatsApp-Image-2024-01-26-at-11.23.15-2-300x225.jpeg" alt="" width="479" height="359" srcset="https://www.aflahaye.nl/wp-content/uploads/2024/01/WhatsApp-Image-2024-01-26-at-11.23.15-2-300x225.jpeg 300w, https://www.aflahaye.nl/wp-content/uploads/2024/01/WhatsApp-Image-2024-01-26-at-11.23.15-2-600x450.jpeg 600w, https://www.aflahaye.nl/wp-content/uploads/2024/01/WhatsApp-Image-2024-01-26-at-11.23.15-2-768x576.jpeg 768w, https://www.aflahaye.nl/wp-content/uploads/2024/01/WhatsApp-Image-2024-01-26-at-11.23.15-2.jpeg 1024w" sizes="(max-width: 479px) 100vw, 479px" /></span></h6>
<h6><span style="font-size: revert;">En quoi consiste le projet ?</span></h6>
<p>Le programme <b>Je parle aussi français ! / Ik spreek ook frans !</b> permettent ainsi aux enfants d’apprendre le français aux travers d&#8217;ateliers proposant la réalisation de projet concrets, en utilisant le français et leurs autres langues afin de mener à bien des activités ludique de créations artistiques et culturelles, dans un contexte multiculturel.</p>
</div>
</div>
</div>
<h6></h6>
</div>
<p><span style="font-weight: bold; letter-spacing: 0.05em; text-transform: uppercase;">Lieu, durée, prix ?</span></p>
<div class="page" title="Page 1">
<div class="section">
<div class="layoutArea">
<div class="column">
<p>Le programme est composé de séquences thématiques qui dure environ 7 semaines, de février à mai : chaque séquence étant composée de 7 séances (ateliers) environ.</p>
<p>À la fin des séquences, les familles et les amis sont invités à assister à une présentation du travail réalisé par les enfants.</p>
<p align="left">Inscription obligatoire.</p>
<p align="left">L’atelier est gratuit pour toutes et tous !</p>
<p align="left">Les ateliers auront lieu <b>le mercredi après-midi de 13h15 à 14h45 </b> au centre communautaire :</p>
<p align="center"><b>Wijkzcentrum</b><br />
<b>Eekhoornrade 215 2544 VS &#8216;s-Gravenhage.</b></p>
<div class="page" title="Page 2">
<div class="section">
<div class="layoutArea">
<div class="column">
<p>&nbsp;</p>
<p>Inscrivez-vous dès maintenant et laissez la créativité multilingue illuminer le chemin de vos enfants vers un avenir riche en diversité et en épanouissement !</p>
<p>Merci de votre soutien.</p>
</div>
</div>
</div>
</div>
</div>
</div>
</div>
</div>
<p><span aria-hidden="true"><div class='kiosque-aec'><div
 data-module='classes'
 data-action='courses-catalog'
 data-param-etablishment-branch-id=''
 data-param-period-id=''
 data-param-classification-id=''
 data-param-subject-id=''
 data-param-class-type-id='49'
 data-param-level-id=''
 data-param-learning-pace=''
 data-param-sidebar=''
 data-param-class-format-id=''
 data-param-localization=''
 data-param-show-filter-choices=''
 data-param-lang='en_US'></div></div></span></p>
<p>&nbsp;</p>
<p class="title-xlarge"><img class="aligncenter wp-image-503160 " src="https://www.aflahaye.nl/wp-content/uploads/2024/01/WhatsApp-Image-2024-01-26-at-11.23.15-1-300x225.jpeg" alt="" width="500" height="375" srcset="https://www.aflahaye.nl/wp-content/uploads/2024/01/WhatsApp-Image-2024-01-26-at-11.23.15-1-300x225.jpeg 300w, https://www.aflahaye.nl/wp-content/uploads/2024/01/WhatsApp-Image-2024-01-26-at-11.23.15-1-600x450.jpeg 600w, https://www.aflahaye.nl/wp-content/uploads/2024/01/WhatsApp-Image-2024-01-26-at-11.23.15-1-768x576.jpeg 768w, https://www.aflahaye.nl/wp-content/uploads/2024/01/WhatsApp-Image-2024-01-26-at-11.23.15-1.jpeg 1024w" sizes="(max-width: 500px) 100vw, 500px" /></p>
<p>[/vc_column_text][/vc_column][/vc_row]</p>
</div>

<p>[vc_row][vc_column][vc_column_text] IK SPREEK OOK FRANS JE PARLE AUSSI FRANçAIS ! Je parle aussi français ! Ik spreek ook Frans !&#8230;</p>
