{"id":508758,"date":"2025-11-18T17:52:28","date_gmt":"2025-11-18T16:52:28","guid":{"rendered":"https:\/\/www.aflahaye.nl\/?page_id=508758"},"modified":"2026-04-14T10:55:25","modified_gmt":"2026-04-14T08:55:25","slug":"legal-french-course-for-students-from-the-hague-academy-of-international-law","status":"publish","type":"page","link":"https:\/\/www.aflahaye.nl\/en\/legal-french-course-for-students-from-the-hague-academy-of-international-law\/","title":{"rendered":"Legal French Course"},"content":{"rendered":"<div class=\"wpb-content-wrapper\"><p>[vc_row full_width=&#8221;stretch_row_content&#8221; full_height=&#8221;yes&#8221; content_placement=&#8221;middle&#8221; thegem_fix_full_height=&#8221;true&#8221; css=&#8221;.vc_custom_1746017518987{margin-bottom: 0px !important;background-image: url(https:\/\/www.aflahaye.nl\/wp-content\/uploads\/2025\/04\/Peace-Palace-Carnegie-Foundation.jpg?id=506810) !important;background-position: center !important;background-repeat: no-repeat !important;background-size: cover !important;}&#8221;][vc_column css=&#8221;.vc_custom_1585560801194{padding-top: 0px !important;}&#8221;][vc_empty_space][vc_column_text css=&#8221;&#8221;][\/vc_column_text][\/vc_column][\/vc_row][vc_row][vc_column width=&#8221;1\/2&#8243;][vc_single_image image=&#8221;508298&#8243; img_size=&#8221;large&#8221; css=&#8221;&#8221;][vc_single_image image=&#8221;511985&#8243; img_size=&#8221;large&#8221; css=&#8221;&#8221;][vc_single_image image=&#8221;511985&#8243; css=&#8221;&#8221;][vc_single_image image=&#8221;511985&#8243; img_size=&#8221;large&#8221; css=&#8221;&#8221;][vc_single_image image=&#8221;511985&#8243; img_size=&#8221;large&#8221; alignment=&#8221;right&#8221; css=&#8221;&#8221;][\/vc_column][vc_column width=&#8221;1\/2&#8243;][vc_single_image image=&#8221;508653&#8243; img_size=&#8221;large&#8221; onclick=&#8221;img_link_large&#8221; css=&#8221;&#8221;][\/vc_column][\/vc_row][vc_row][vc_column][vc_column_text css=&#8221;&#8221;]<\/p>\n<h2 style=\"text-align: center;\">Cours de Fran\u00e7ais Juridique<\/h2>\n<p>[\/vc_column_text][\/vc_column][\/vc_row][vc_row][vc_column][vc_column_text css=&#8221;&#8221;]<\/p>\n<p data-start=\"39\" data-end=\"114\"><strong data-start=\"39\" data-end=\"86\">FRENCH FOR SPECIFIC OBJECTIVES \u2013 LEGAL FRENCH<\/strong><br data-start=\"86\" data-end=\"89\" \/><strong data-start=\"89\" data-end=\"112\">COURSE DESCRIPTION:<\/strong><\/p>\n<p data-start=\"116\" data-end=\"426\">This French for Specific Objectives (FOS) course is intended for learners who need to develop language skills related to the legal field. Its aim is to provide the linguistic, terminological, and communicative tools required to understand, analyse, and produce common documents and exchanges in the legal field.<\/p>\n<p data-start=\"428\" data-end=\"449\"><strong data-start=\"428\" data-end=\"447\">TARGET AUDIENCE<\/strong><\/p>\n<ul>\n<li data-start=\"452\" data-end=\"466\">Law students<\/li>\n<li data-start=\"469\" data-end=\"562\">Professionals in international organizations who wish to work with French-speaking partners<\/li>\n<li data-start=\"565\" data-end=\"618\">Anyone with specific language needs in legal French<\/li>\n<\/ul>\n<p data-start=\"620\" data-end=\"666\"><strong data-start=\"620\" data-end=\"637\">PREREQUISITES<\/strong><br data-start=\"637\" data-end=\"640\" \/>Minimum French level A1+<\/p>\n<div class='kiosque-aec'><div\n data-module='classes'\n data-action='courses-catalog'\n data-param-etablishment-branch-id=''\n data-param-period-id=''\n data-param-classification-id=''\n data-param-subject-id=''\n data-param-class-type-id='20'\n data-param-level-id=''\n data-param-learning-pace=''\n data-param-sidebar=''\n data-param-class-format-id=''\n data-param-localization=''\n data-param-show-filter-choices=''\n data-param-lang='en_US'><\/div><\/div>[\/vc_column_text]<div class=\"quickfinder quickfinder-style-iconed row inline-row quickfinder-icon-position-top quickfinder-alignment-center quickfinder-title-bold\"><div id=\"post-508832\" class=\"quickfinder-item inline-column col-md-12 col-sm-12 col-xs-12 quickfinder-item-effect-border-reverse border-reverse-with-background icon-size-large quickfinder-box-style-strong-outlined post-508832 thegem_qf_item type-thegem_qf_item status-publish\" data-ll-item-delay=\"0\"> <div class=\"quickfinder-item-box\" style=\"border-color: #eceeef;\"> <div class=\"quickfinder-item-inner\"> <div class=\"quickfinder-item-image\"> <div class=\"quickfinder-item-image-content\" > <div class=\"quickfinder-item-image-wrapper\"> <div class=\"gem-icon gem-icon-pack-fontawesome gem-icon-size-large gem-icon-shape-circle \" style=\"border-color: #ffffff;border-color: #d90f31;opacity: 1;\"><div class=\"gem-icon-inner\" style=\"background-color: #ffffff;\"><span class=\"gem-icon-half-1\" style=\"color: #d90f31;\"><span class=\"back-angle\">&#xf012;<\/span><\/span><span class=\"gem-icon-half-2\" style=\"color: #d90f31;\"><span class=\"back-angle\">&#xf012;<\/span><\/span><\/div><\/div> <\/div> <\/div> <\/div> <div class=\"quickfinder-item-info-wrapper\"> <div class=\"quickfinder-item-info \" > <div class=\"quickfinder-item-title\" >Test your level &#8211; Fran\u00e7ais Juridique<\/div> <div class=\"quickfinder-item-text\" >Effectuez le test de placement pr\u00e9alablement \u00e0 votre inscription afin de conna\u00eetre votre niveau de fran\u00e7ais.<\/div> <div class=\"gem-button-container gem-button-position-inline thegem-button-69f0e5eca94a36171 quickfinder-button\" ><a class=\"gem-button gem-button-size-small gem-button-style-outline gem-button-text-weight-normal gem-button-border-2\" data-ll-effect=\"drop-right-without-wrap\" style=\"border-radius: 3px;\" onmouseleave=\"\" onmouseenter=\"\" href=\"#\" target=\"_self\" role=\"button\">C&#039;est parti!<\/a><\/div> <\/div> <\/div> <\/div> <\/div> <a href=\"https:\/\/placement.aflahaye.nl\/tp\/test-de-placement-francais-juridique\/102\/\" target=\"_blank\" class=\"quickfinder-item-link\" aria-label=\"Test your level &#8211; Fran\u00e7ais Juridique\"><\/a> <\/div> <\/div>[\/vc_column][\/vc_row][vc_row][vc_column][vc_single_image image=&#8221;506823&#8243; img_size=&#8221;large&#8221; alignment=&#8221;center&#8221; onclick=&#8221;img_link_large&#8221; css=&#8221;&#8221;][\/vc_column][\/vc_row]<\/p>\n<\/div>","protected":false},"excerpt":{"rendered":"<p>[vc_row full_width=&#8221;stretch_row_content&#8221; full_height=&#8221;yes&#8221; content_placement=&#8221;middle&#8221; thegem_fix_full_height=&#8221;true&#8221; css=&#8221;.vc_custom_1746017518987{margin-bottom: 0px !important;background-image: url(https:\/\/www.aflahaye.nl\/wp-content\/uploads\/2025\/04\/Peace-Palace-Carnegie-Foundation.jpg?id=506810) !important;background-position: center !important;background-repeat: no-repeat !important;background-size: cover !important;}&#8221;][vc_column css=&#8221;.vc_custom_1585560801194{padding-top: 0px !important;}&#8221;][vc_empty_space][vc_column_text css=&#8221;&#8221;][\/vc_column_text][\/vc_column][\/vc_row][vc_row][vc_column&#8230;<\/p>\n","protected":false},"author":176,"featured_media":508774,"parent":0,"menu_order":0,"comment_status":"closed","ping_status":"closed","template":"","meta":{"footnotes":""},"class_list":["post-508758","page","type-page","status-publish","has-post-thumbnail"],"jetpack_sharing_enabled":true,"_links":{"self":[{"href":"https:\/\/www.aflahaye.nl\/en\/wp-json\/wp\/v2\/pages\/508758","targetHints":{"allow":["GET"]}}],"collection":[{"href":"https:\/\/www.aflahaye.nl\/en\/wp-json\/wp\/v2\/pages"}],"about":[{"href":"https:\/\/www.aflahaye.nl\/en\/wp-json\/wp\/v2\/types\/page"}],"author":[{"embeddable":true,"href":"https:\/\/www.aflahaye.nl\/en\/wp-json\/wp\/v2\/users\/176"}],"replies":[{"embeddable":true,"href":"https:\/\/www.aflahaye.nl\/en\/wp-json\/wp\/v2\/comments?post=508758"}],"version-history":[{"count":17,"href":"https:\/\/www.aflahaye.nl\/en\/wp-json\/wp\/v2\/pages\/508758\/revisions"}],"predecessor-version":[{"id":511991,"href":"https:\/\/www.aflahaye.nl\/en\/wp-json\/wp\/v2\/pages\/508758\/revisions\/511991"}],"wp:featuredmedia":[{"embeddable":true,"href":"https:\/\/www.aflahaye.nl\/en\/wp-json\/wp\/v2\/media\/508774"}],"wp:attachment":[{"href":"https:\/\/www.aflahaye.nl\/en\/wp-json\/wp\/v2\/media?parent=508758"}],"curies":[{"name":"wp","href":"https:\/\/api.w.org\/{rel}","templated":true}]}}

<div class="wpb-content-wrapper"><p>[vc_row full_width=&#8221;stretch_row_content&#8221; full_height=&#8221;yes&#8221; content_placement=&#8221;middle&#8221; thegem_fix_full_height=&#8221;true&#8221; css=&#8221;.vc_custom_1746017518987{margin-bottom: 0px !important;background-image: url(https://www.aflahaye.nl/wp-content/uploads/2025/04/Peace-Palace-Carnegie-Foundation.jpg?id=506810) !important;background-position: center !important;background-repeat: no-repeat !important;background-size: cover !important;}&#8221;][vc_column css=&#8221;.vc_custom_1585560801194{padding-top: 0px !important;}&#8221;][vc_empty_space][vc_column_text css=&#8221;&#8221;][/vc_column_text][/vc_column][/vc_row][vc_row][vc_column width=&#8221;1/2&#8243;][vc_single_image image=&#8221;508298&#8243; img_size=&#8221;large&#8221; css=&#8221;&#8221;][vc_single_image image=&#8221;511985&#8243; img_size=&#8221;large&#8221; css=&#8221;&#8221;][vc_single_image image=&#8221;511985&#8243; css=&#8221;&#8221;][vc_single_image image=&#8221;511985&#8243; img_size=&#8221;large&#8221; css=&#8221;&#8221;][vc_single_image image=&#8221;511985&#8243; img_size=&#8221;large&#8221; alignment=&#8221;right&#8221; css=&#8221;&#8221;][/vc_column][vc_column width=&#8221;1/2&#8243;][vc_single_image image=&#8221;508653&#8243; img_size=&#8221;large&#8221; onclick=&#8221;img_link_large&#8221; css=&#8221;&#8221;][/vc_column][/vc_row][vc_row][vc_column][vc_column_text css=&#8221;&#8221;]</p>
<h2 style="text-align: center;">Cours de Français Juridique</h2>
<p>[/vc_column_text][/vc_column][/vc_row][vc_row][vc_column][vc_column_text css=&#8221;&#8221;]</p>
<p data-start="39" data-end="114"><strong data-start="39" data-end="86">FRENCH FOR SPECIFIC OBJECTIVES – LEGAL FRENCH</strong><br data-start="86" data-end="89" /><strong data-start="89" data-end="112">COURSE DESCRIPTION:</strong></p>
<p data-start="116" data-end="426">This French for Specific Objectives (FOS) course is intended for learners who need to develop language skills related to the legal field. Its aim is to provide the linguistic, terminological, and communicative tools required to understand, analyse, and produce common documents and exchanges in the legal field.</p>
<p data-start="428" data-end="449"><strong data-start="428" data-end="447">TARGET AUDIENCE</strong></p>
<ul>
<li data-start="452" data-end="466">Law students</li>
<li data-start="469" data-end="562">Professionals in international organizations who wish to work with French-speaking partners</li>
<li data-start="565" data-end="618">Anyone with specific language needs in legal French</li>
</ul>
<p data-start="620" data-end="666"><strong data-start="620" data-end="637">PREREQUISITES</strong><br data-start="637" data-end="640" />Minimum French level A1+</p>
<div class='kiosque-aec'><div
 data-module='classes'
 data-action='courses-catalog'
 data-param-etablishment-branch-id=''
 data-param-period-id=''
 data-param-classification-id=''
 data-param-subject-id=''
 data-param-class-type-id='20'
 data-param-level-id=''
 data-param-learning-pace=''
 data-param-sidebar=''
 data-param-class-format-id=''
 data-param-localization=''
 data-param-show-filter-choices=''
 data-param-lang='en_US'></div></div>[/vc_column_text]<div class="quickfinder quickfinder-style-iconed row inline-row quickfinder-icon-position-top quickfinder-alignment-center quickfinder-title-bold"><div id="post-508832" class="quickfinder-item inline-column col-md-12 col-sm-12 col-xs-12 quickfinder-item-effect-border-reverse border-reverse-with-background icon-size-large quickfinder-box-style-strong-outlined post-508832 thegem_qf_item type-thegem_qf_item status-publish" data-ll-item-delay="0"> <div class="quickfinder-item-box" style="border-color: #eceeef;"> <div class="quickfinder-item-inner"> <div class="quickfinder-item-image"> <div class="quickfinder-item-image-content" > <div class="quickfinder-item-image-wrapper"> <div class="gem-icon gem-icon-pack-fontawesome gem-icon-size-large gem-icon-shape-circle " style="border-color: #ffffff;border-color: #d90f31;opacity: 1;"><div class="gem-icon-inner" style="background-color: #ffffff;"><span class="gem-icon-half-1" style="color: #d90f31;"><span class="back-angle">&#xf012;</span></span><span class="gem-icon-half-2" style="color: #d90f31;"><span class="back-angle">&#xf012;</span></span></div></div> </div> </div> </div> <div class="quickfinder-item-info-wrapper"> <div class="quickfinder-item-info " > <div class="quickfinder-item-title" >Test your level &#8211; Français Juridique</div> <div class="quickfinder-item-text" >Effectuez le test de placement préalablement à votre inscription afin de connaître votre niveau de français.</div> <div class="gem-button-container gem-button-position-inline thegem-button-69f0e5eca94a36171 quickfinder-button" ><a class="gem-button gem-button-size-small gem-button-style-outline gem-button-text-weight-normal gem-button-border-2" data-ll-effect="drop-right-without-wrap" style="border-radius: 3px;" onmouseleave="" onmouseenter="" href="#" target="_self" role="button">C&#039;est parti!</a></div> </div> </div> </div> </div> <a href="https://placement.aflahaye.nl/tp/test-de-placement-francais-juridique/102/" target="_blank" class="quickfinder-item-link" aria-label="Test your level &#8211; Français Juridique"></a> </div> </div>[/vc_column][/vc_row][vc_row][vc_column][vc_single_image image=&#8221;506823&#8243; img_size=&#8221;large&#8221; alignment=&#8221;center&#8221; onclick=&#8221;img_link_large&#8221; css=&#8221;&#8221;][/vc_column][/vc_row]</p>
</div>
